ded by 101?
98
What is the remainder when 4003348 is divided by 1796?
64
Calculate the remainder when 6228921 is divided by 1557204.
105
What is the remainder when 4796302 is divided by 27?
22
What is the remainder when 27234047 is divided by 1471?
1424
Calculate the remainder when 21133 is divided by 4967.
1265
Calculate the remainder when 2367640 is divided by 48.
40
Calculate the remainder when 100691 is divided by 2156.
1515
Calculate the remainder when 2282 is divided by 5.
2
Calculate the remainder when 15036646 is divided by 256.
230
Calculate the remainder when 2513285 is divided by 251328.
5
Calculate the remainder when 144105 is divided by 5348.
5057
What is the remainder when 1695346 is divided by 527?
514
Calculate the remainder when 246460457 is divided by 49292091.
2
What is the remainder when 6010929 is divided by 273?
15
What is the remainder when 4694 is divided by 1780?
1134
What is the remainder when 17104749 is divided by 38?
37
Calculate the remainder when 218294 is divided by 43583.
379
Calculate the remainder when 13787822 is divided by 17475.
47
What is the remainder when 1897663 is divided by 81?
76
What is the remainder when 70886 is divided by 35402?
82
Calculate the remainder when 25051211 is divided by 203.
199
Calculate the remainder when 76159017 is divided by 210384.
9
Calculate the remainder when 1969040 is divided by 34.
32
What is the remainder when 3513964 is divided by 1729?
636
Calculate the remainder when 2978139 is divided by 40245.
9
Calculate the remainder when 2276435 is divided by 1138204.
27
Calculate the remainder when 267020517 is divided by 20.
17
Calculate the remainder when 36039578 is divided by 18.
14
Calculate the remainder when 255572 is divided by 255486.
86
What is the remainder when 308329941 is divided by 9?
3
Calculate the remainder when 1624731 is divided by 3555.
96
What is the remainder when 200625 is divided by 133?
61
Calculate the remainder when 151931 is divided by 50487.
470
Calculate the remainder when 40714400 is divided by 1027.
12
What is the remainder when 3296 is divided by 1645?
6
What is the remainder when 911483 is divided by 9396?
71
Calculate the remainder when 1714350 is divided by 142813.
594
Calculate the remainder when 238589 is divided by 350.
239
Calculate the remainder when 13615512 is divided by 101.
5
Calculate the remainder when 1552968207 is divided by 67.
64
What is the remainder when 31102 is divided by 3071?
392
Calculate the remainder when 78281 is divided by 352.
137
What is the remainder when 1344228 is divided by 314?
308
Calculate the remainder when 1478491 is divided by 388.
211
What is the remainder when 92236270 is divided by 898?
894
Calculate the remainder when 4462560 is divided by 25945.
20
Calculate the remainder when 75528 is divided by 3016.
128
What is the remainder when 364536256 is divided by 4642?
4638
Calculate the remainder when 1098298 is divided by 2.
0
Calculate the remainder when 19030455 is divided by 7.
3
What is the remainder when 1084241 is divided by 54208?
81
What is the remainder when 179284 is divided by 16251?
523
What is the remainder when 41854 is divided by 1192?
134
Calculate the remainder when 224435 is divided by 247.
159
What is the remainder when 478971 is divided by 47238?
6591
What is the remainder when 446653 is divided by 1275?
403
What is the remainder when 4704316 is divided by 278?
0
What is the remainder when 80666 is divided by 20087?
318
What is the remainder when 90901 is divided by 5475?
3301
What is the remainder when 21307014 is divided by 14300?
14
What is the remainder when 10838518 is divided by 6?
4
What is the remainder when 6502285 is divided by 4261?
4260
What is the remainder when 354592 is divided by 35424?
352
Calculate the remainder when 230823 is divided by 286.
21
Calculate the remainder when 14350056 is divided by 1107.
15
Calculate the remainder when 21329 is divided by 2955.
644
What is the remainder when 7380073 is divided by 26?
25
What is the remainder when 64630 is divided by 2185?
1265
What is the remainder when 38289367 is divided by 2486?
2481
Calculate the remainder when 1026062 is divided by 513019.
24
What is the remainder when 21476264 is divided by 32?
8
Calculate the remainder when 21828528 is divided by 10.
8
Calculate the remainder when 5020513 is divided by 1462.
5
What is the remainder when 766886 is divided by 255589?
119
What is the remainder when 1960198 is divided by 9850?
48
Calculate the remainder when 645190287 is divided by 305.
302
What is the remainder when 2505859 is divided by 1907?
61
What is the remainder when 3353325 is divided by 58?
55
What is the remainder when 4796308 is divided by 389?
327
Calculate the remainder when 219171 is divided by 474.
183
What is the remainder when 355024073 is divided by 5701?
5700
What is the remainder when 676888 is divided by 67683?
58
What is the remainder when 1907986 is divided by 2076?
142
Calculate the remainder when 417093286 is divided by 154.
148
What is the remainder when 58023750 is divided by 6892?
2
What is the remainder when 277798 is divided by 39632?
374
Calculate the remainder when 2542233 is divided by 141.
3
Calculate the remainder when 2037033 is divided by 356.
1
Calculate the remainder when 90284 is divided by 713.
446
Calculate the remainder when 3297968 is divided by 471130.
58
What is the remainder when 34898684 is divided by 932?
876
Calculate the remainder when 27119 is divided by 3350.
319
What is the remainder when 4676449 is divided by 6380?
6289
Calculate the remainder when 7893973 is divided by 1614.
1513
Calculate the remainder when 96443 is divided by 29.
18
Calculate the remainder when 36894498 is divided by 3177.
3174
Calculate the remainder when 5521230 is divided by 230051.
6
What is the remainder when 2323724 is divided by 6?
2
Calculate the remainder when 126025292 is divided by 4828.
8
Calculate the remainder when 3662704 is divided by 183.
142
What is the remainder when 32068 is divided by 109?
22
What is the remainder when 14755323 is divided by 1799?
1724
Calculate the remainder when 484659 is divided by 161522.
93
What is the remainder when 579058 is divided by 1117?
452
What is the remainder when 6489 is divided by 5841?
648
Calculate the remainder when 4495011 is divided by 81.
78
Calculate the remainder when 13542 is divided by 3509.
3015
What is the remainder when 1886969 is divided by 2791?
253
Calculate the remainder when 34055407 is divided by 633.
7
What is the remainder when 25200306 is divided by 1482365?
101
What is the remainder when 66119 is divided by 1279?
890
What is the remainder when 131696432 is divided by 965?
952
What is the remainder when 7177056 is divided by 646?
642
Calculate the remainder when 349369 is divided by 6850.
19
What is the remainder when 6255119 is divided by 3336?
119
What is the remainder when 94541 is divided by 4718?
181
What is the remainder when 15310665 is divided by 353?
349
Calculate the remainder when 249242 is divided by 124580.
82
Calculate the remainder when 22036141 is divided by 30311.
44
What is the remainder when 19719176 is divided by 530?
526
What is the remainder when 262421 is divided by 52480?
21
Calculate the remainder when 1056434 is divided by 18.
14
Calculate the remainder when 21730 is divided by 2584.
1058
What is the remainder when 1997492831 is divided by 723?
722
Calculate the remainder when 17564998 is divided by 60.
58
Calculate the remainder when 85180 is divided by 608.
60
Calculate the remainder when 55644 is divided by 1783.
371
What is the remainder when 384196317 is divided by 2228?
2225
What is the remainder when 1252267 is divided by 1166?
1149
What is the remainder when 29550 is divided by 3276?
66
What is the remainder when 1152341 is divided by 130?
21
What is the remainder when 22777 is divided by 126?
97
What is the remainder when 76069742 is divided by 12448?
14
What is the remainder when 4534952 is divided by 1511624?
80
What is the remainder when 193849 is divided by 375?
349
Calculate the remainder when 1911211 is divided by 15275.
1836
What is the remainder when 1155981 is divided by 603?
30
What is the remainder when 2397556 is divided by 1198771?
14
Calculate the remainder when 9